k/(-2).
2, 3, 7
Let c(d) = 6 + 0*d**2 + 19*d**3 + 6*d**2 - 12*d - 2*d**2 + 12 - 2*d**2. What are the prime factors of c(4)?
2, 3, 7, 29
Let w be (-6)/21 + (-3)/21*5. Let d be 19*(w - 0)*(3 - -5). Let n = d + 237. List the prime factors of n.
5, 17
Let g(d) = 16*d**2 - 62*d + 682. List the prime factors of g(36).
2, 53, 181
What are the prime factors of -9 + -6 + 21232 + 22/(-2)?
2, 23, 461
Let u be (-2035)/(-20) - 1/(-4). Suppose u + 472 = m + 5*j, 3*m - 1711 = -4*j. List the prime factors of m.
569
Let k(p) = 619*p**2 + 80*p - 79. What are the prime factors of k(1)?
2, 5, 31
Let u(t) = -t**2 - 6*t - 1. Let h be u(-4). What are the prime factors of ((-2)/h)/(11/(-2387))?
2, 31
What are the prime factors of 376132/44 - 168/(-308)?
83, 103
Let n be 4 + 8/2 + -8. Suppose 0 = -n*v + 2*v - 320. Suppose -5*o + 35 + v = 0. List the prime factors of o.
3, 13
Let p(h) = 397*h**2 + 78*h - 110. What are the prime factors of p(-7)?
18797
Let w = -36122 + 38058. What are the prime factors of w?
2, 11
Let z(k) = -34*k**3 - 9*k**2 - 57*k - 236. List the prime factors of z(-5).
2, 3, 7, 97
Let z(l) = 269*l**2 + 27*l - 175. What are the prime factors of z(8)?
17257
Let a be 2/(((-6)/4)/((-30)/8)). Suppose 0 = a*w - 28 - 17. Suppose w*t - 184 = 392. List the prime factors of t.
2
Let a(u) = 1565*u - 3034. List the prime factors of a(14).
2, 3, 11, 13
Suppose -95 + 386 = 3*k. Let v(t) = t**3 + 70*t**2 - 141*t + 152. Let q be v(-72). Let m = k + q. List the prime factors of m.
3, 11
Suppose b - 16 = -3*p, -b + 6 = 2. Suppose -1712 = -p*u + 444. What are the prime factors of u?
7, 11
What are the prime factors of (10764/21)/(((-20)/224)/(-5))?
2, 3, 13, 23
What are the prime factors of 4*((-4)/(-42)*-27)/(64/(-177520))?
2, 3, 5, 317
Let p(i) = -1506*i**3 - 43*i**2 - 2*i + 11. What are the prime factors of p(-3)?
2, 7, 1439
Let l(o) = -o**3 - 3*o**2 + 2. Let u(y) = -6*y - 39. Let g be u(-6). Let n be l(g). Let k(a) = 51*a**2 - 3*a + 5. What are the prime factors of k(n)?
7, 29
Let i be ((-198)/21)/((-43)/(-14) - 3). Let k = 190 + i. Suppose -4*t + 410 = k. What are the prime factors of t?
2, 11
Let h(z) = 4*z + 1516. Let a be h(0). Suppose -a = 6*t + 266. Let s = t + 422. What are the prime factors of s?
5
Let q be (-4 - 7*-2) + 4. Let m(t) = 2*t**2 + 3 + 3*t**3 + q*t**2 + 9 - 2*t**3 - 10*t. What are the prime factors of m(-16)?
2, 43
What are the prime factors of 3/6*-16 - (-2 + -3019)?
23, 131
Let j(y) = 4*y**2 + 138*y - 516. List the prime factors of j(-65).
2, 11, 337
Suppose -11*p + 110794 = 17778. What are the prime factors of p?
2, 7, 151
Let f = -21010 + 47454. List the prime factors of f.
2, 11, 601
Suppose -c - 5 = 12. Let w = c + 21. Suppose w*k + 3*u = 130, -k - 2*u = u - 37. List the prime factors of k.
31
Let s = 549 - 534. Suppose 1772 = s*k - 1723. List the prime factors of k.
233
Suppose 530083 = 42*l + 156031. List the prime factors of l.
2, 61, 73
Suppose 4*x - 76 = 4*o, -2*x + 0 + 41 = -5*o. List the prime factors of (-6)/x*(2 - 1941/3).
5, 43
Let n = -20 - 66. Let t be (n/6 - -1)/((-40)/180). Suppose t = -5*j + 9*j. What are the prime factors of j?
3, 5
Suppose 5*k = 14*j - 11*j + 26047, -15637 = -3*k + 4*j. What are the prime factors of k?
41, 127
List the prime factors of (-45544)/20*(-30)/36*3.
5693
Let h = -297 + 233. What are the prime factors of (-1)/(4/(-610)*(-80)/h)?
2, 61
Suppose 6*q + 6*q = 6*q + 78492. List the prime factors of q.
2, 31, 211
Let a = -103 - -97. List the prime factors of 4/a*(-438 - 0).
2, 73
Let g be 8 - (7 + 5) - -4. Suppose 12*z - 1299 - 1413 = g. What are the prime factors of z?
2, 113
Let a(l) = 954*l**2 + 391*l - 2372. List the prime factors of a(6).
2, 17159
Let k(s) = 1169*s**2 + 15*s + 17. What are the prime factors of k(-2)?
4663
Let u(h) = 72*h**2 + 33*h - 11. What are the prime factors of u(7)?
2, 937
Suppose y + 7*y + 112 = 0. Let a = y - -365. What are the prime factors of a?
3, 13
Let z(j) = j**3 + j**2 - 87*j + 3. Suppose 78*b + 99 = 87*b. What are the prime factors of z(b)?
2, 3, 83
Let b be 32 - (-3 + 0/(-3)). Let w(r) = 11*r + 107. Let p be w(-12). Let k = b + p. List the prime factors of k.
2, 5
Let v(m) = 44*m + 435. Let l be v(-10). Let h(s) = -369*s - 244. What are the prime factors of h(l)?
1601
Let n(k) = 6*k**2. Let x be n(-1). Suppose -h = -268 - 386. Suppose -h = -4*u + v, -v + 482 = 3*u - x*v. What are the prime factors of u?
2, 41
Let i(b) = -986*b**2 - 18*b - 3. Let c(m) = -493*m**2 - 8*m - 1. Let a(k) = -7*c(k) + 3*i(k). List the prime factors of a(1).
17, 29
Let p be 1098/27 - (15/9 - 1). Suppose -2*z - 1340 = p*r - 43*r, -1768 = -4*r - 2*z. List the prime factors of r.
2, 3, 37
Suppose -2*t = -3*s - 4, -8 = 7*s - 2*s - 4*t. Suppose -5 = -s*k - 5*k. Let w = k + 109. What are the prime factors of w?
2, 5, 11
Let z(l) = -17*l**3 + 10*l**2 + 8*l + 24. List the prime factors of z(-8).
2, 1163
Let f(d) = 43*d - 111. Let r be f(15). Suppose 0 = y - 2*m - 252, -3*y = -5*m - 224 - r. What are the prime factors of y?
2
Suppose -26290 = -5*q + 2*v, -4*v + 6370 + 14634 = 4*q. List the prime factors of q.
2, 3, 73
Suppose -8*c + 15757 = -56323. Suppose -k = -6*k + c. List the prime factors of k.
2, 17, 53
Let r = 43 - 41. Suppose -r*u - 2*p + 23 = 9, -4*u = -5*p + 17. Suppose 4*k - 22 = 4*d - 70, -3*d + u*k = -39. What are the prime factors of d?
3, 5
Suppose -3*s + 5*y + 9 = -0*y, 0 = -2*y. Let g(a) = 9*a - 18 + 0*a**s - 5*a**2 + a**3 + a + 0*a. What are the prime factors of g(7)?
2, 3, 5
Let v be (-3)/9*-3 - (-21)/7. Suppose 0 = -0*j - 2*j + 2, -j = p - v. Suppose -20 = -2*g - w, -p*g + 0*w + w = -30. What are the prime factors of g?
2, 5
Let f be (-12)/(-1) - (5 - -1). What are the prime factors of (-180)/(-108) + 8/f?
3
Let n be 111/21 + (-18)/14 + 1. Suppose -n*b - 3*b = -1400. Let i = -108 + b. What are the prime factors of i?
67
Let z = 726 - -8841. List the prime factors of z.
3, 1063
Suppose 0 = -1399*w + 1401*w - 30. What are the prime factors of (7/((-140)/w))/((-5)/2680)?
2, 3, 67
List the prime factors of (-912)/((-15)/45 - 14/12).
2, 19
Let m(l) = -742*l + 1631. List the prime factors of m(-26).
7, 61
Let y = -44 + 59. Let c(o) = o - 2. Let j be c(y). Let h = j - -206. List the prime factors of h.
3, 73
Let y(b) = 45 - 24*b**2 - 10 + 23 - 5*b - b**3. What are the prime factors of y(-24)?
2, 89
Let w = -1 - 32. Let u = -136 - -191. Let c = w + u. List the prime factors of c.
2, 11
Suppose -13 = -4*m + 7. Suppose k = -1, -m*r + 1922 = 11*k - 13*k. List the prime factors of r.
2, 3
Let l(n) = 122*n - 17. Let d be l(-7). Let t = 1581 + d. What are the prime factors of t?
2, 5, 71
Let x = 252 - 255. List the prime factors of 161/x*(-12)/4 - -1.
2, 3
Let k = 63 - 389. Let y = 281 - k. What are the prime factors of y?
607
Let w(n) = -n**3 + 13*n + 9. Let s be w(-3). List the prime factors of 528 + s/(-1) - (0 + 0).
3, 59
Let v = 23 - -14. Suppose 3*k - 112 = -2*x, -x = 2*k - 18 - v. Suppose 4*a + x = 203. What are the prime factors of a?
2, 3
Let a = -2450 + 6994. What are the prime factors of a?
2, 71
Let z = 4598 + 14263. What are the prime factors of z?
3, 6287
List the prime factors of (-196 + 193 - 1/(-4))*(0 + -12044).
11, 3011
Suppose 41*y - 394862 - 1675119 + 533260 = 0. List the prime factors of y.
37, 1013
Let k(c) be the second derivative of c**5/20 + c**3/2 + 3*c**2 + 13*c. Let r be k(4). Let y = 161 - r. List the prime factors of y.
79
Let s be 6/33*-1 + 78295/(-77). List the prime factors of -8*(s/6 + (-1)/(-4)).
2, 677
Suppose -u - 3*f + 16 = -3, -5*u - 5 = -5*f. Let x be 882/4 + (-2)/4. Suppose -u*k + x = k. What are the prime factors of k?
2, 11
Let b = 3680 + -3650. List the prime factors of b.
2, 3, 5
Let q be -1*1 - (-140)/(-2). Let k(s) = -s**3 + 6*s**2 + 52*s + 84. Let o be k(11). Let v = o - q. List the prime factors of v.
2, 61
Let g be (-1)/6 - 275/(-66). Suppose h - 143 = 4*m, -g*h + 497 = -m - 0*m. List the prime factors of 1/(-3 - (-372)/h).
41
Let z = -236 + 219. Let q = 446 - z. List the prime factors of q.
463
Suppose 227399 + 64399 = 18*v. What are the prime factors of v?
13, 29, 43
Let b = 216 - 214. Suppose -a + 2*a + 760 = b*p, -2*p - 4*a + 750 = 0. What are the prime factors of p?
379
Suppose -12 = 4*r - 3*u, r - u - 1 = -5. Suppose -5*m = 4*n - 342